et c(d) = -d + 1. Let w(a) = -11*a - 5. Let g be w(-1). Suppose 2 = -g*r + 20. Suppose -5*u + 12 = -r*z, -4*u = 4*z - 2 + 50. Calculate c(z).
10
Let u(l) = l**3 - 40*l**2 + 78*l - 84. Let q be 38 - ((-48)/(-6) + -8). Let h be u(q). Let g(d) = -4*d - 27. What is g(h)?
5
Let r be ((-13 + 13)/(-12))/((-1)/(-1)). Let m(q) be the third derivative of 0*q**3 + 0*q - 3*q**2 - 3/8*q**4 + r. Determine m(-1).
9
Let t(z) = -6*z**2 - 3*z + 30. Let j(h) = h**2 - h - 6. Let m(b) = 5*j(b) + t(b). Let c = 18 - 30. Let q be (-15)/2 + 6/c. What is m(q)?
0
Let w(s) be the second derivative of s + 1/6*s**4 + 24 - 1/3*s**3 - 3/2*s**2. Determine w(3).
9
Let o(u) = -3*u + 0*u**2 + u**3 + 4 - 6*u**2 - 3*u. Suppose x + 3*x = 5*q - 79, -3*q + 40 = 5*x. Suppose 8 = -i + q. Determine o(i).
11
Let d(k) be the first derivative of -4*k**2 - 132. Let x(g) = -g. Let l(c) = -4*c - 1. Let z(b) = l(b) - 5*x(b). Let u be z(2). Determine d(u).
-8
Let x(h) = -3*h**3 - 11*h**2 - 12*h + 1. Let f(m) = m**3 + m**2 + 2*m. Let p be (180/(-24) + 8)/((-2)/8). Let z(u) = p*f(u) - x(u). What is z(-8)?
-1
Let l(i) = i**2 - 328252*i - 48 - 328257*i + 656508*i. Determine l(-7).
8
Let z(t) = -t**3 + 26*t**2 - 119*t - 8. Let g be (87/5)/3 - ((-4726)/(-170) - 28). Determine z(g).
-2
Suppose -b + 14 = -z, 4*b - 31 = -71*z + 70*z. Let n(a) = a**3 - 10*a**2 + 12*a - 17. Calculate n(b).
10
Let w(d) be the first derivative of d**5/20 - d**4/6 + d**3/6 - d**2 + 49*d - 29. Let f(a) be the first derivative of w(a). Give f(2).
0
Let t(p) = -26*p + 64. Let x(y) = -5*y + 12. Let h(w) = 2*t(w) - 10*x(w). Let o(g) = -g**2 + 5*g + 8. Let q be o(7). Determine h(q).
20
Let o(s) = 57*s + 15. Let f(t) = 8*t + 2. Suppose 4 = 2*u - 26. Let y(v) = u*f(v) - 2*o(v). Let d(w) = -w**3 - w**2 + 10*w + 7. Let z be d(3). Calculate y(z).
6
Let f(t) = t - 2. Suppose 55 - 15 = 5*r. Let y(q) = -3*q + 26. Let p be y(r). Suppose p*o - 39 = -35. What is f(o)?
0
Let j(y) be the first derivative of -136 - 4*y - 1/4*y**4 - y**3 - 2*y**2. Give j(-3).
8
Let z(j) be the third derivative of j**6/120 + j**4/24 - j**3/3 - 2*j**2. Let w(h) = -3*h**2 + 3*h + 166. Let y be w(-7). Calculate z(y).
-12
Let x(o) be the first derivative of o**5/20 - 5*o**4/4 + 7*o**3/3 - 4*o**2 + 55*o + 47. Let a(n) be the first derivative of x(n). Calculate a(14).
-8
Let b(i) be the third derivative of i**6/120 - i**5/60 + 22*i**2. Let u(l) = -3*l**3 + 8*l**2 - 8*l + 5. Let s(v) = -2*b(v) - u(v). Give s(5).
10
Let z = 620 + -621. Let f(x) = -4*x**3 - 4*x**2 - 3*x. Let w(d) = -20*d**3 - 21*d**2 - 16*d. Let n(i) = 11*f(i) - 2*w(i). Calculate n(z).
3
Let b(n) = 4*n**3 + 7*n**2 - 11*n + 7. Let k(m) = 5*m**3 + 7*m**2 - 13*m + 7. Let r(w) = -6*b(w) + 5*k(w). Give r(7).
0
Let v be 18/24 - 18/(-8). Suppose -v*n - 8 = -7*n. Let j(u) = -n + 7*u - 14*u + 9*u + 3 + u**2. What is j(-1)?
0
Let w(j) = -j - 3. Let u be w(-4). Let z be ((-4)/(-12))/((-4)/(-12))*21. Let g(r) = 39 - r + 3*r - z - 19. Give g(u).
1
Let o(d) = 12*d + 1. Suppose 0 = -z + 16*z - 60. Suppose z*v - 3*v = 5*m + 26, -4*m = -3*v + 23. Calculate o(v).
13
Let v(a) = -a**3 + 4*a**2 + 5*a - 5. Let f be v(5). Let t(i) be the second derivative of 32*i + 3*i**2 + 1/2*i**3 + 0. What is t(f)?
-9
Let c(o) = 3932*o + 31. Let j(n) = 1816*n + 15. Let w(q) = 6*c(q) - 13*j(q). What is w(0)?
-9
Let i = -15346 - -15337. Let j(w) = -w - 12. What is j(i)?
-3
Let i(n) = -2 - 261*n + 2 + 259*n. Let r(k) = k**3 + 6*k**2 + 7*k + 2. Let a be r(-4). Calculate i(a).
-12
Let h(o) = 4*o + 3. Let z(r) = 3*r + 2. Let w(l) = -2*h(l) + 3*z(l). Suppose 0 = 4*q + 331*n - 332*n - 24, -q + 23 = 4*n. Give w(q).
7
Let a(x) = 3*x - 22. Suppose 0 = 5*l - 0*l + i - 21, 5*i + 40 = 4*l. Let r be a(l). Let n(m) = -m**2 - 6*m + 3. Calculate n(r).
-4
Let n = -4 + 1. Let z(h) = -67*h**3 + 2 + 4*h**2 - 35*h**3 - 2 + 103*h**3 - 3. Give z(n).
6
Suppose 5*j + 51 = 16. Let u(t) be the third derivative of -t**4/12 - t**3/6 - 4*t**2 + 4. Let s(h) = -h**2 - 12*h + 3. Let c(o) = -s(o) + 3*u(o). Give c(j).
1
Let a(b) be the third derivative of b**6/120 + b**5/5 + b**4/3 + 3*b**3/2 - 3*b**2 + 215. Determine a(-11).
42
Let i(j) = 23*j + 43. Let k(m) = -47*m - 86. Let o(p) = 15*i(p) + 6*k(p). Give o(-2).
3
Let y be (-2)/(-4) + (-26)/(-4). Suppose -3*u + 2*t - 8 = -4*u, -2*u = 2*t - 10. Let g(k) = 0*k**u + 4*k**2 + 15 - 9*k - 5 - 3*k**2. Determine g(y).
-4
Let w(y) = -3*y + 3. Let t(c) = 2*c - 3. Let a(i) = -3*t(i) - 4*w(i). Suppose 5*f + 3*z + z - 2 = 0, 12 = 4*f - 2*z. Give a(f).
9
Suppose 3*d - 3 = -2*z, 7*d - 5*d + z = 1. Let c be -10 - (0 + 3 + d + -2). Let k(s) = s - 1. Calculate k(c).
-11
Let m(o) = -4*o + 18. Suppose 2*y = 5*q - 10*q + 29, -3*q - 4*y + 37 = 0. What is m(q)?
6
Suppose -3*u = h + 18, -2*u - 3 = -h + 4. Let z(o) be the second derivative of -o**4/6 - o**3/3 + 2*o**2 + 141*o. Give z(u).
-36
Let w(t) = -t**2 - 4*t - 1. Let x be w(-4). Let c(u) = -5*u**2 - 35*u - 24. Let m be c(-6). Let n(v) = -m*v + 4 - 3 + 3*v - 4*v. What is n(x)?
8
Let i(w) be the third derivative of -w**5/30 + 13*w**4/24 - w**3 - 19*w**2 - 38*w. Determine i(6).
0
Let t(r) be the third derivative of r**5/20 - 21*r**4/8 + 65*r**3/6 + 32*r**2 - r + 31. Calculate t(20).
5
Let w(a) be the third derivative of -a**6/120 + a**4/8 + 2*a**3/3 + 64*a**2 + 3. Determine w(-2).
6
Let p(k) be the third derivative of 0*k + 31*k**2 + 0 + 1/24*k**4 - 1/2*k**3. Let r = -1 + 6. Determine p(r).
2
Let k(j) = -2*j + 4. Let q = 14 + 0. Suppose 9*g = 40 + q. Suppose -4*z + 8 = 2*w, -3*w = -4*z + g*z. Determine k(z).
-2
Let q(v) = v**3 + 10*v**2 + 1. Suppose -1640 = 251*h + 765 + 105. Calculate q(h).
1
Let w(u) = -2*u**2 - 169*u - 246. Let c be w(-83). Let q(r) = 3*r**2 - 4*r - 2. Calculate q(c).
13
Suppose -28 = -4*o + 28. Suppose -4*w = 2*j + 3*j + 31, 5*w = 2*j - o. Let g be 4/14 - (552/(-42))/w. Let i(y) = -y**3 - 3*y**2 + 3*y + 4. Give i(g).
-5
Let a = 16112 + -16120. Let o(g) = g**2 + 18*g + 55. Calculate o(a).
-25
Suppose 3*h - 5*h = -2. Let i = h + -6. Let w(c) = -24*c + 372. Let k(s) = -5*s + 80. Let f(v) = -14*k(v) + 3*w(v). Calculate f(i).
6
Suppose 4*b = -201 + 169. Let v(u) = -u**3 - 8*u**2 - 9*u + 7. Determine v(b).
79
Let g(b) = 4*b**3 + 6*b**2 + 6*b - 1. Suppose -a + 70 - 68 = 0, -4*c = -3*a + 18. Calculate g(c).
-73
Suppose 0 = -100*v + 105*v - 180. Let x be (v/24)/((-3)/4). Let o(w) = 6*w + 2. What is o(x)?
-10
Let h(o) = o**2 - 25*o + 85. Let d = 15864 - 15860. Calculate h(d).
1
Let d = 71 + -80. Let c(x) = x**2 + 11*x - 6. What is c(d)?
-24
Let q(a) = -3*a**2 + 6*a - 5. Let d(p) = -p**2 + 2*p. Let m(x) = d(x) + q(x). Give m(1).
-1
Suppose -5*n = 3*o - 29, -n - o - 5 = -3*n. Suppose -15 = 5*f, 2*f + 12 = -n*m + m. Let k be (-70)/(-21)*3/m. Let t(w) = -w - 5. What is t(k)?
0
Let v be (-24)/(-4) - (4 + 4). Let y be ((-92)/138)/(v/24). Let x(i) = 2*i - 12. Determine x(y).
4
Let s(n) = -3 - 1189*n + 2094*n - 9*n**2 - 906*n - n**3. Determine s(-9).
6
Let a(z) be the first derivative of z**4/4 - 5*z**3/3 - z**2/2 + 2*z + 1. Let i be (-4)/(-6) + (-308)/(-33). Suppose -12*r = -14*r + i. Give a(r).
-3
Let h(t) be the first derivative of -t**3/3 - t**2/2 + 4*t + 2639. Give h(2).
-2
Let s(r) = -r**2 - 4*r + 4. Let f be (1 - 5/4) + (-15)/20. Let u be (f/2)/((-1 + 6)/630). Let x = u - -58. Determine s(x).
-1
Let s(i) = -8*i**2 + 12*i + 4. Suppose 0 = 5*t - 4*y + 2, 5*t - 8 = -2*y + 8. Calculate s(t).
-4
Suppose -35*a = 3762 - 3727. Let v(r) = 66*r - 3. Give v(a).
-69
Let r = -716 + 719. Let v(z) = 65*z + 2 - 34*z - 29*z. What is v(r)?
8
Let v = -1352 - -1388. Let i be (-4)/(-6) - 95/3. Let w = v + i. Let l(j) = -j**3 + 5*j**2 + 3*j + 4. Determine l(w).
19
Let f(z) be the second derivative of z**4/12 - 2*z**3/3 - 3*z**2/2 - 371*z. Let q be 78/18 + (-22)/(-6) + -4. Calculate f(q).
-3
Let w(v) = v**3 - 5*v**2 - 2*v + 5. Let a(q) = -q**3 - 3. Let b(i) = -2*a(i) - w(i). Let k(o) = o**3 - 5*o**2 - o + 1. Let x be k(5). Determine b(x).
9
Let x(q) = -506*q - 556*q + 1058*q - 14. What is x(-8)?
18
Suppose 2*r + 12 = 4*m, -3*m - 21 = -0*r + r. Let y be 3*(-16)/r + 84. Let v(t) = -87 - t**2 - t**3 - y + 173. What is v(0)?
-2
Let m(t) = 2*t - 45. Let n(p) = 8*p - 308. Let u(f) = 2*m(f) - n(f). What is u(51)?
14
Let r(l) = -l**3 - 10*l**2 - 9*l + 12. Let i = 419 - 410. Suppose i*m + 6 = -75. Give r(m).
12
Let